{"id":4061,"date":"2024-12-06T23:19:24","date_gmt":"2024-12-06T23:19:24","guid":{"rendered":"https:\/\/sites.1618.se\/myrangar\/?page_id=4061"},"modified":"2025-09-12T12:19:45","modified_gmt":"2025-09-12T12:19:45","slug":"sladtur-i-dalaskogen","status":"publish","type":"page","link":"https:\/\/sites.1618.se\/myrangar\/sladtur-i-dalaskogen\/","title":{"rendered":"Sl\u00e4dtur i Dalaskogarna"},"content":{"rendered":"\t\t<div data-elementor-type=\"wp-page\" data-elementor-id=\"4061\" class=\"elementor elementor-4061\" data-elementor-post-type=\"page\">\n\t\t\t\t<div class=\"elementor-element elementor-element-abc292a e-flex e-con-boxed parallax_section_no qode_elementor_container_no e-con e-parent\" data-id=\"abc292a\" data-element_type=\"container\">\n\t\t\t\t\t<div class=\"e-con-inner\">\n\t\t<div class=\"elementor-element elementor-element-44299b0d e-con-full e-flex parallax_section_no qode_elementor_container_no e-con e-child\" data-id=\"44299b0d\" data-element_type=\"container\">\n\t\t<div class=\"elementor-element elementor-element-70b35808 e-flex e-con-boxed parallax_section_no qode_elementor_container_no e-con e-child\" data-id=\"70b35808\" data-element_type=\"container\">\n\t\t\t\t\t<div class=\"e-con-inner\">\n\t\t\t\t<div class=\"elementor-element elementor-element-74673feb elementor-widget elementor-widget-text-editor\" data-id=\"74673feb\" data-element_type=\"widget\" data-widget_type=\"text-editor.default\">\n\t\t\t\t<div class=\"elementor-widget-container\">\n\t\t\t\t\t\t\t<h6>H\u00e4st &amp; vagn\/sl\u00e4de<\/h6>\t\t\t\t\t\t<\/div>\n\t\t\t\t<\/div>\n\t\t\t\t<div class=\"elementor-element elementor-element-cbd7372 elementor-widget__width-initial elementor-widget elementor-widget-text-editor\" data-id=\"cbd7372\" data-element_type=\"widget\" data-widget_type=\"text-editor.default\">\n\t\t\t\t<div class=\"elementor-widget-container\">\n\t\t\t\t\t\t\t<h2>Upplev Dalaskogarna p\u00e5 gammalt vis<\/h2>\t\t\t\t\t\t<\/div>\n\t\t\t\t<\/div>\n\t\t\t\t<div class=\"elementor-element elementor-element-76ebdf78 elementor-widget elementor-widget-text-editor\" data-id=\"76ebdf78\" data-element_type=\"widget\" data-widget_type=\"text-editor.default\">\n\t\t\t\t<div class=\"elementor-widget-container\">\n\t\t\t\t\t\t\t<p>Finns det n\u00e5got mer magiskt \u00e4n att \u00e5ka h\u00e4st och sl\u00e4de genom den djupa skogen, omgiven av facklor och bj\u00e4llror? Kanske \u00e4r v\u00e4gen upplyst av marschaller? Myr\u00e4ngsg\u00e5rdens v\u00e4nner, Emelie Snickars och Kuskullan, kommer till g\u00e5rden i sina historiskt korrekta kl\u00e4der med sina vackra Nordsvenska h\u00e4star.<\/p><p>F\u00e5rskinnspl\u00e4dar h\u00e5ller dig varm medan du sjunker ner i sl\u00e4den. H\u00e4starna frustar medan ni s\u00e4tter av in i skogen, d\u00e4r bj\u00e4llrorna klingar och ekar mellan tr\u00e4den. P\u00e5 sommaren kan du ist\u00e4llet \u00e5ka i vackra vagnar som sp\u00e4nns f\u00f6r h\u00e4starna.<\/p><p>Du kan ocks\u00e5 bes\u00f6ka Emelie Snickars p\u00e5 Soller\u00f6n eller Kuskullan i \u00c4lvdalen och uppleva andra aktiviteter med h\u00e4starna. Kanske rida en tur eller bara umg\u00e5s med djuren. Dessa tv\u00e5 entrepren\u00f6rer \u00e4r verkligen v\u00e4rda att st\u00f6dja. De arbetar f\u00f6r att bevara den nordsvenska h\u00e4sten och g\u00f6r en stor kulturg\u00e4rning. Dessutom har de m\u00e5nga andra sp\u00e4nnande djur p\u00e5 g\u00e5rden.<\/p><p>V\u00e5ga prova n\u00e5got nytt med denna vackra svenska lantras, den nordsvenska h\u00e4sten.<\/p>\t\t\t\t\t\t<\/div>\n\t\t\t\t<\/div>\n\t\t\t\t\t<\/div>\n\t\t\t\t<\/div>\n\t\t\t\t<\/div>\n\t\t<div class=\"elementor-element elementor-element-7933879f e-con-full e-flex parallax_section_no qode_elementor_container_no e-con e-child\" data-id=\"7933879f\" data-element_type=\"container\">\n\t\t\t\t<div class=\"elementor-element elementor-element-14f1a43 elementor-widget elementor-widget-image\" data-id=\"14f1a43\" data-element_type=\"widget\" data-widget_type=\"image.default\">\n\t\t\t\t<div class=\"elementor-widget-container\">\n\t\t\t\t\t\t\t\t\t\t\t\t\t<img fetchpriority=\"high\" decoding=\"async\" width=\"762\" height=\"450\" src=\"https:\/\/sites.1618.se\/myrangar\/wp-content\/uploads\/2024\/12\/New-Project-88.jpg\" class=\"attachment-large size-large wp-image-4066\" alt=\"\" srcset=\"https:\/\/sites.1618.se\/myrangar\/wp-content\/uploads\/2024\/12\/New-Project-88.jpg 762w, https:\/\/sites.1618.se\/myrangar\/wp-content\/uploads\/2024\/12\/New-Project-88-300x177.jpg 300w, https:\/\/sites.1618.se\/myrangar\/wp-content\/uploads\/2024\/12\/New-Project-88-700x413.jpg 700w\" sizes=\"(max-width: 762px) 100vw, 762px\" \/>\t\t\t\t\t\t\t\t\t\t\t\t\t<\/div>\n\t\t\t\t<\/div>\n\t\t\t\t<div class=\"elementor-element elementor-element-e4b538f elementor-widget elementor-widget-text-editor\" data-id=\"e4b538f\" data-element_type=\"widget\" data-widget_type=\"text-editor.default\">\n\t\t\t\t<div class=\"elementor-widget-container\">\n\t\t\t\t\t\t\t<p class=\"p1\"><strong>Boka:<\/strong> Direktkontakt med <span class=\"gmail-s1\">\u00a0<br \/><\/span>Emelie Snickars 073\u00a0063 03 92<br \/>Kus Kullan 070\u00a0618 73 00<br \/><strong>Pris:<\/strong> Ring f\u00f6r att kolla priser<br \/><strong>N\u00e4r:<\/strong> \u00c5ret runt<\/p>\t\t\t\t\t\t<\/div>\n\t\t\t\t<\/div>\n\t\t\t\t<\/div>\n\t\t\t\t\t<\/div>\n\t\t\t\t<\/div>\n\t\t\t\t<\/div>\n\t\t","protected":false},"excerpt":{"rendered":"<p>H\u00e4st &amp; vagn\/sl\u00e4de Upplev Dalaskogarna p\u00e5 gammalt vis Finns det n\u00e5got mer magiskt \u00e4n att \u00e5ka h\u00e4st och sl\u00e4de genom den djupa skogen, omgiven av facklor och bj\u00e4llror? Kanske \u00e4r v\u00e4gen upplyst av marschaller? Myr\u00e4ngsg\u00e5rdens v\u00e4nner, Emelie Snickars och Kuskullan,&#8230;<\/p>\n","protected":false},"author":1,"featured_media":4059,"parent":0,"menu_order":0,"comment_status":"closed","ping_status":"closed","template":"elementor_header_footer","meta":{"footnotes":""},"class_list":["post-4061","page","type-page","status-publish","has-post-thumbnail","hentry"],"yoast_head":"<!-- This site is optimized with the Yoast SEO plugin v22.7 - https:\/\/yoast.com\/wordpress\/plugins\/seo\/ -->\n<title>Sl\u00e4dtur i Dalaskogarna - Myr\u00e4ngsg\u00e5rden<\/title>\n<meta name=\"robots\" content=\"noindex, follow, max-snippet:-1, max-image-preview:large, max-video-preview:-1\" \/>\n<meta property=\"og:locale\" content=\"sv_SE\" \/>\n<meta property=\"og:type\" content=\"article\" \/>\n<meta property=\"og:title\" content=\"Sl\u00e4dtur i Dalaskogarna - Myr\u00e4ngsg\u00e5rden\" \/>\n<meta property=\"og:description\" content=\"H\u00e4st &amp; vagn\/sl\u00e4de Upplev Dalaskogarna p\u00e5 gammalt vis Finns det n\u00e5got mer magiskt \u00e4n att \u00e5ka h\u00e4st och sl\u00e4de genom den djupa skogen, omgiven av facklor och bj\u00e4llror? Kanske \u00e4r v\u00e4gen upplyst av marschaller? Myr\u00e4ngsg\u00e5rdens v\u00e4nner, Emelie Snickars och Kuskullan,...\" \/>\n<meta property=\"og:url\" content=\"https:\/\/sites.1618.se\/myrangar\/sladtur-i-dalaskogen\/\" \/>\n<meta property=\"og:site_name\" content=\"Myr\u00e4ngsg\u00e5rden\" \/>\n<meta property=\"article:modified_time\" content=\"2025-09-12T12:19:45+00:00\" \/>\n<meta property=\"og:image\" content=\"https:\/\/sites.1618.se\/myrangar\/wp-content\/uploads\/2024\/12\/New-Project-85-1.jpg\" \/>\n\t<meta property=\"og:image:width\" content=\"303\" \/>\n\t<meta property=\"og:image:height\" content=\"237\" \/>\n\t<meta property=\"og:image:type\" content=\"image\/jpeg\" \/>\n<meta name=\"twitter:card\" content=\"summary_large_image\" \/>\n<meta name=\"twitter:label1\" content=\"Ber\u00e4knad l\u00e4stid\" \/>\n\t<meta name=\"twitter:data1\" content=\"2 minuter\" \/>\n<script type=\"application\/ld+json\" class=\"yoast-schema-graph\">{\"@context\":\"https:\/\/schema.org\",\"@graph\":[{\"@type\":\"WebPage\",\"@id\":\"https:\/\/sites.1618.se\/myrangar\/sladtur-i-dalaskogen\/\",\"url\":\"https:\/\/sites.1618.se\/myrangar\/sladtur-i-dalaskogen\/\",\"name\":\"Sl\u00e4dtur i Dalaskogarna - Myr\u00e4ngsg\u00e5rden\",\"isPartOf\":{\"@id\":\"https:\/\/sites.1618.se\/myrangar\/#website\"},\"primaryImageOfPage\":{\"@id\":\"https:\/\/sites.1618.se\/myrangar\/sladtur-i-dalaskogen\/#primaryimage\"},\"image\":{\"@id\":\"https:\/\/sites.1618.se\/myrangar\/sladtur-i-dalaskogen\/#primaryimage\"},\"thumbnailUrl\":\"https:\/\/sites.1618.se\/myrangar\/wp-content\/uploads\/2024\/12\/New-Project-85-1.jpg\",\"datePublished\":\"2024-12-06T23:19:24+00:00\",\"dateModified\":\"2025-09-12T12:19:45+00:00\",\"breadcrumb\":{\"@id\":\"https:\/\/sites.1618.se\/myrangar\/sladtur-i-dalaskogen\/#breadcrumb\"},\"inLanguage\":\"sv-SE\",\"potentialAction\":[{\"@type\":\"ReadAction\",\"target\":[\"https:\/\/sites.1618.se\/myrangar\/sladtur-i-dalaskogen\/\"]}]},{\"@type\":\"ImageObject\",\"inLanguage\":\"sv-SE\",\"@id\":\"https:\/\/sites.1618.se\/myrangar\/sladtur-i-dalaskogen\/#primaryimage\",\"url\":\"https:\/\/sites.1618.se\/myrangar\/wp-content\/uploads\/2024\/12\/New-Project-85-1.jpg\",\"contentUrl\":\"https:\/\/sites.1618.se\/myrangar\/wp-content\/uploads\/2024\/12\/New-Project-85-1.jpg\",\"width\":303,\"height\":237},{\"@type\":\"BreadcrumbList\",\"@id\":\"https:\/\/sites.1618.se\/myrangar\/sladtur-i-dalaskogen\/#breadcrumb\",\"itemListElement\":[{\"@type\":\"ListItem\",\"position\":1,\"name\":\"Hem\",\"item\":\"https:\/\/sites.1618.se\/myrangar\/\"},{\"@type\":\"ListItem\",\"position\":2,\"name\":\"Sl\u00e4dtur i Dalaskogarna\"}]},{\"@type\":\"WebSite\",\"@id\":\"https:\/\/sites.1618.se\/myrangar\/#website\",\"url\":\"https:\/\/sites.1618.se\/myrangar\/\",\"name\":\"Myr\u00e4ngsg\u00e5rden\",\"description\":\"Hela Sveriges Sl\u00e4ktg\u00e5rd\",\"potentialAction\":[{\"@type\":\"SearchAction\",\"target\":{\"@type\":\"EntryPoint\",\"urlTemplate\":\"https:\/\/sites.1618.se\/myrangar\/?s={search_term_string}\"},\"query-input\":\"required name=search_term_string\"}],\"inLanguage\":\"sv-SE\"}]}<\/script>\n<!-- \/ Yoast SEO plugin. -->","yoast_head_json":{"title":"Sl\u00e4dtur i Dalaskogarna - Myr\u00e4ngsg\u00e5rden","robots":{"index":"noindex","follow":"follow","max-snippet":"max-snippet:-1","max-image-preview":"max-image-preview:large","max-video-preview":"max-video-preview:-1"},"og_locale":"sv_SE","og_type":"article","og_title":"Sl\u00e4dtur i Dalaskogarna - Myr\u00e4ngsg\u00e5rden","og_description":"H\u00e4st &amp; vagn\/sl\u00e4de Upplev Dalaskogarna p\u00e5 gammalt vis Finns det n\u00e5got mer magiskt \u00e4n att \u00e5ka h\u00e4st och sl\u00e4de genom den djupa skogen, omgiven av facklor och bj\u00e4llror? Kanske \u00e4r v\u00e4gen upplyst av marschaller? Myr\u00e4ngsg\u00e5rdens v\u00e4nner, Emelie Snickars och Kuskullan,...","og_url":"https:\/\/sites.1618.se\/myrangar\/sladtur-i-dalaskogen\/","og_site_name":"Myr\u00e4ngsg\u00e5rden","article_modified_time":"2025-09-12T12:19:45+00:00","og_image":[{"width":303,"height":237,"url":"https:\/\/sites.1618.se\/myrangar\/wp-content\/uploads\/2024\/12\/New-Project-85-1.jpg","type":"image\/jpeg"}],"twitter_card":"summary_large_image","twitter_misc":{"Ber\u00e4knad l\u00e4stid":"2 minuter"},"schema":{"@context":"https:\/\/schema.org","@graph":[{"@type":"WebPage","@id":"https:\/\/sites.1618.se\/myrangar\/sladtur-i-dalaskogen\/","url":"https:\/\/sites.1618.se\/myrangar\/sladtur-i-dalaskogen\/","name":"Sl\u00e4dtur i Dalaskogarna - Myr\u00e4ngsg\u00e5rden","isPartOf":{"@id":"https:\/\/sites.1618.se\/myrangar\/#website"},"primaryImageOfPage":{"@id":"https:\/\/sites.1618.se\/myrangar\/sladtur-i-dalaskogen\/#primaryimage"},"image":{"@id":"https:\/\/sites.1618.se\/myrangar\/sladtur-i-dalaskogen\/#primaryimage"},"thumbnailUrl":"https:\/\/sites.1618.se\/myrangar\/wp-content\/uploads\/2024\/12\/New-Project-85-1.jpg","datePublished":"2024-12-06T23:19:24+00:00","dateModified":"2025-09-12T12:19:45+00:00","breadcrumb":{"@id":"https:\/\/sites.1618.se\/myrangar\/sladtur-i-dalaskogen\/#breadcrumb"},"inLanguage":"sv-SE","potentialAction":[{"@type":"ReadAction","target":["https:\/\/sites.1618.se\/myrangar\/sladtur-i-dalaskogen\/"]}]},{"@type":"ImageObject","inLanguage":"sv-SE","@id":"https:\/\/sites.1618.se\/myrangar\/sladtur-i-dalaskogen\/#primaryimage","url":"https:\/\/sites.1618.se\/myrangar\/wp-content\/uploads\/2024\/12\/New-Project-85-1.jpg","contentUrl":"https:\/\/sites.1618.se\/myrangar\/wp-content\/uploads\/2024\/12\/New-Project-85-1.jpg","width":303,"height":237},{"@type":"BreadcrumbList","@id":"https:\/\/sites.1618.se\/myrangar\/sladtur-i-dalaskogen\/#breadcrumb","itemListElement":[{"@type":"ListItem","position":1,"name":"Hem","item":"https:\/\/sites.1618.se\/myrangar\/"},{"@type":"ListItem","position":2,"name":"Sl\u00e4dtur i Dalaskogarna"}]},{"@type":"WebSite","@id":"https:\/\/sites.1618.se\/myrangar\/#website","url":"https:\/\/sites.1618.se\/myrangar\/","name":"Myr\u00e4ngsg\u00e5rden","description":"Hela Sveriges Sl\u00e4ktg\u00e5rd","potentialAction":[{"@type":"SearchAction","target":{"@type":"EntryPoint","urlTemplate":"https:\/\/sites.1618.se\/myrangar\/?s={search_term_string}"},"query-input":"required name=search_term_string"}],"inLanguage":"sv-SE"}]}},"_links":{"self":[{"href":"https:\/\/sites.1618.se\/myrangar\/wp-json\/wp\/v2\/pages\/4061","targetHints":{"allow":["GET"]}}],"collection":[{"href":"https:\/\/sites.1618.se\/myrangar\/wp-json\/wp\/v2\/pages"}],"about":[{"href":"https:\/\/sites.1618.se\/myrangar\/wp-json\/wp\/v2\/types\/page"}],"author":[{"embeddable":true,"href":"https:\/\/sites.1618.se\/myrangar\/wp-json\/wp\/v2\/users\/1"}],"replies":[{"embeddable":true,"href":"https:\/\/sites.1618.se\/myrangar\/wp-json\/wp\/v2\/comments?post=4061"}],"version-history":[{"count":16,"href":"https:\/\/sites.1618.se\/myrangar\/wp-json\/wp\/v2\/pages\/4061\/revisions"}],"predecessor-version":[{"id":4815,"href":"https:\/\/sites.1618.se\/myrangar\/wp-json\/wp\/v2\/pages\/4061\/revisions\/4815"}],"wp:featuredmedia":[{"embeddable":true,"href":"https:\/\/sites.1618.se\/myrangar\/wp-json\/wp\/v2\/media\/4059"}],"wp:attachment":[{"href":"https:\/\/sites.1618.se\/myrangar\/wp-json\/wp\/v2\/media?parent=4061"}],"curies":[{"name":"wp","href":"https:\/\/api.w.org\/{rel}","templated":true}]}}